 + 2*m - 7*m = -3384. What is the hundreds digit of b?
8
Let o = 983 - 700. Let i(y) = -y**3 + 15*y**2 + 7*y - 20. Let t be i(16). Let s = o + t. What is the units digit of s?
9
Let j(q) = -q**3 - 17*q**2 + 61*q + 2. Let v be j(-20). What is the tens digit of 33020/90 - 2/v?
6
Let c(m) = -m**3 - 9*m**2 + 13*m - 30. Suppose 4*h - 3*g = -0*g - 40, 0 = -h + 2*g - 5. What is the units digit of c(h)?
7
Let n be (-8973)/(-45) - (-4)/(-10). Suppose 14*c - n = -3. Suppose c*q = 10*q + 184. What is the units digit of q?
6
Let z be (6/10)/(27/135). Suppose z*a = 2332 - 742. What is the hundreds digit of a?
5
Let c(s) be the first derivative of 491*s**3/3 - 5*s**2 + 9*s - 64. What is the units digit of c(1)?
0
Suppose -3*m + 115810 = 2*l, -8*m + 7*m = 9*l - 38545. What is the hundreds digit of m?
6
Suppose 4*j + 5 = -7. Let y(o) be the third derivative of -o**5/60 - o**4/12 + 4*o**3/3 - 21*o**2. What is the units digit of y(j)?
5
Suppose -23789 = -4*g - 4693. What is the hundreds digit of g?
7
Suppose -2*u + 7*u = 1080. Suppose -u = -3*a + 141. Suppose -a = -5*t + 1. What is the units digit of t?
4
Let m be (-789)/(-9)*(-1 - 2). Let q be m/(-1) + 0 + -1. What is the tens digit of q/16 + 36/(-96)?
1
Let y be ((-596)/(-16))/(-2*3/(-120)). Let z = -414 + y. What is the units digit of z?
1
Suppose -4*o + 5*d + 50159 = -38445, 0 = 5*o + 3*d - 110681. What is the tens digit of o?
4
Let v(x) = -x + 33. Let s be v(27). Suppose -s = 22*q - 23*q. Suppose 5*u - 4 = -2*m + q, 0 = -3*u - 5*m - 13. What is the units digit of u?
4
Let r(n) = 61*n - 53 + 49*n - 18*n - 5*n + 318. What is the hundreds digit of r(19)?
9
What is the thousands digit of 2 + 2 - (-105957)/9 - -5?
1
Let b = 634 + -252. Let o = b - 20. Suppose -3*j + 0*j - 4*r + o = 0, -4*j - 4*r + 476 = 0. What is the tens digit of j?
1
Suppose 136*v - 38212 = -3*y + 134*v, -3*v = -4*y + 50921. What is the ten thousands digit of y?
1
Let d = 80662 - 40707. What is the tens digit of d?
5
Suppose -13*z + 5*z = -24. Suppose 0 = z*j + 4*j - 1638. What is the units digit of j?
4
Let d(r) = -3*r - 89. Let h be d(-31). Let z = 5 - 3. Suppose q - h*y = 91, z*q + q = 3*y + 291. What is the tens digit of q?
9
Suppose 0 = 5*i - 6*i + 5*a - 12, -4*a + 6 = -2*i. Let q be ((-3)/1)/(i/(-14) + 0). Suppose q*o - 1274 = 112. What is the tens digit of o?
9
Suppose 7*f - 8824 = -2153. Suppose 2*i + 2*i - 2393 = -5*v, 0 = 2*v + 3*i - f. What is the hundreds digit of v?
4
Let y(a) = a + 8. Let f be y(-3). Suppose -f*b = -8*b + 75. Let v = 99 - b. What is the units digit of v?
4
Let t = 676 - 240. Suppose -4*u + 2675 = -p, -229 - t = -u + 4*p. What is the hundreds digit of u?
6
Let g(c) = c - 5. Let b be g(5). Suppose b = 2*s - 181 + 149. What is the units digit of s?
6
Let s = -85 + 39. Let z = s + 50. Suppose 227 = z*t - 93. What is the tens digit of t?
8
Let z = -1249 - -11271. What is the tens digit of z?
2
Let q(l) = 9*l**2 - 8*l + 12. Let y be q(6). Suppose -y*j = -287*j - 388. What is the units digit of j?
8
Let x(f) = 56*f**2 + 20*f - 6. Let q be x(-4). Let z = -253 + q. What is the units digit of z?
7
Let u be 0 + 3 + -1 - -37. Suppose -u*w - 2 = -38*w. What is the tens digit of (-150 - 10/w)*-1?
4
Let x = -87 + 122. Let n be (550/x)/10 + 6/14. Suppose -n*m = 6, 4*k - 3*k = -2*m + 225. What is the units digit of k?
1
Let q be -1*((5 - (-2992)/4) + -2). Let c = 2553 + q. What is the hundreds digit of c?
8
Let r be ((-630)/168)/(6/(-16)). Suppose 0 = r*k - 3049 - 211. What is the tens digit of k?
2
Let a be (5/3)/(5 + (-200)/48). Suppose -z + 2*m + 187 = 0, 0*z + 3*z - 529 = -a*m. What is the tens digit of z?
7
Let f(n) = 2*n**2 - 7*n + 9. Let k be f(2). Suppose -k*o - 5*y = -983, 4*o + 5*y = -0*y + 1304. What is the hundreds digit of o?
3
What is the ten thousands digit of (-72)/30*(-99200)/12?
1
Let n(h) = h**3 + 5*h**2 - 34*h - 22. Let q(l) = l**3 + 3*l**2 - 35*l - 22. Let o(m) = 4*n(m) - 3*q(m). What is the thousands digit of o(10)?
1
Let w = 521 + -351. Suppose 0 = -5*d - 2*b + 578, 0*d + 3*d - 347 = -b. Let f = w - d. What is the tens digit of f?
5
Let j = 68 - -39. Let s(t) = -3*t**3 - t**2 + 19*t + 19. Let a be s(-1). Suppose -4*z - 4*i + 264 = -a*z, -z = -3*i - j. What is the units digit of z?
2
Let c(z) = 57 + 8*z**2 + 18 - 7*z**2. Let i be c(0). Suppose 2*w - i = d + 103, -4*w + 352 = -4*d. What is the tens digit of w?
9
Let t be (-60)/140 - 1254/14. Let g = 229 - t. What is the units digit of g?
9
Let h(u) = -28*u**2 - 3215*u + 181. What is the tens digit of h(-92)?
6
Let x(n) = -n**3 - 8*n**2 + 15*n + 9. Let m be x(-6). Let b be 3/(6 + -3)*m. Let c = b + 268. What is the tens digit of c?
1
Let m(g) = -9*g**3 + 4*g**2 + 16*g + 9. Let w(p) = -p**3 + p. Let n(x) = 2*m(x) - 14*w(x). What is the tens digit of n(-5)?
2
Suppose -4*u - 4*v = -8*u - 372, -4*u - 2*v = 390. Let i = 348 - u. What is the units digit of i?
4
Suppose -m = i, 1 + 2 = i - 2*m. Let f be 20/6*i*6/4. Suppose h + 96 = f*h. What is the units digit of h?
4
What is the units digit of (5342 + (-36)/18)*10/6?
0
Let l be (77/(-14) + 7)*4. What is the units digit of 3/(24/20)*l?
5
Let u(z) be the second derivative of z**5/20 - z**3/6 + 7*z**2/2 - 17*z. Let n(q) = -2*q + 8. Let m be n(2). What is the tens digit of u(m)?
6
Let k(m) = m**2 - 19*m + 94. Suppose -133 = -9*u + 83. What is the tens digit of k(u)?
1
Let v(i) = 3 + 14*i**3 + 2 - 8*i**3 - 5*i**3 - 15*i - 4*i**2 + 3*i**2. Let p be 7 - (1 - (-2 - -2)). What is the units digit of v(p)?
5
Suppose 352 = 13*z + 79. Suppose z*b = 11*b + 5200. What is the tens digit of b?
2
Suppose 3*q = -38*i + 39*i + 18091, -3*i + 6057 = q. What is the hundreds digit of q?
0
Let w(i) = -i**2 + 12*i + 17. Let c be w(13). Suppose -c*y = -j - 1277, 2*y + 3*j - 1592 = -3*y. What is the units digit of y?
9
Suppose 4*r - 3650 = 2*v + 16940, -5*r + 3*v = -25737. What is the thousands digit of r?
5
Let c = -3275 - -3476. What is the hundreds digit of c?
2
Suppose -2*u - 6 = 2*j, 6*j - 5*j = -2*u - 9. Let g(l) = -38*l - 45. Let o(i) = -19*i - 23. Let h(x) = 6*g(x) - 11*o(x). What is the tens digit of h(u)?
9
Suppose -3*o + z + 218136 = 66849, 2*o + z - 100873 = 0. What is the units digit of o?
2
Suppose -8*f - 6237 = -29*f. What is the tens digit of f?
9
Let r = -3027 - -12167. What is the units digit of r?
0
Let p(v) be the second derivative of -v**4/3 + v**3/6 + 3*v**2 + 8*v. Let u be p(6). What is the tens digit of 26 - (u/36 - 4/(-6))?
2
Suppose -450*n + 455*n = -680. Let o = -144 - -64. Let s = o - n. What is the units digit of s?
6
Let p be (-36)/(-30)*-3*(-20)/18. Suppose -p*j = -5*j + 5. Suppose 2*k + 4 = 2, -581 = -j*d + k. What is the tens digit of d?
1
Let y(u) = -4*u + 12. Let k be y(2). Let p(q) = 57*q**2 + 3*q - 17. What is the units digit of p(k)?
7
Suppose 970 = -8*n + 1034. Suppose -n*r + 17*r = 12627. What is the thousands digit of r?
1
Let b be (-176)/3 - (-2)/(-6). Suppose 0 = 1065*q - 1079*q - 2716. Let u = b - q. What is the hundreds digit of u?
1
Let y = 93722 - 59153. What is the ten thousands digit of y?
3
What is the hundreds digit of 12/36*5889 + -8?
9
Suppose -7 = -5*l + 13. Let n be -16 + l/(-4) - -4. What is the units digit of (-219)/n + (-30)/(-195)?
7
Let x(j) be the first derivative of 81*j**4/2 - j**3/3 - j**2/2 + 2*j + 27. What is the units digit of x(1)?
2
Suppose 0*l - 217409 = -7*l + 303916. What is the tens digit of l?
7
Let a(q) be the second derivative of -17*q**5/5 + q**4/6 + q**3/2 + 2*q. Suppose 0 = -5*m - u - 8, 0 = -5*u - 15 - 0. What is the units digit of a(m)?
7
Let v = 352 - 365. Let n(t) = -120*t + 94. What is the units digit of n(v)?
4
Let f = 635 - 1101. Let s = f - -706. What is the units digit of s?
0
What is the units digit of 8 + (10 - -33645) + (-6 - -4 - -7)?
8
Let j = 5250 - -5998. What is the hundreds digit of j?
2
Suppose -549 = 6*b + 207. Suppose -g = -3*g + 648. Let c = b + g. What is the units digit of c?
8
What is the units digit of 124/(-1364) - (-166620)/33?
9
Let i(d) be the first derivative of d**4/4 - 8*d**3/3 + d**2/2 - 12*d + 7. Let v be i(8). What is the tens digit of (3 + 14/v)*-188?
9
Suppose 5*o - 46925 = 5085*y - 5087*y, 3*o = 2*y - 46981. What is the tens digit of y?
8
Suppose -5*m + 16 = -3*m - 3*b, 12 = 2*m - b. Suppose g = -a + 1 + m, 5*a = 4*g - 5